hat is the greatest common divisor of t and 77?
11
Let o = 14 - 2. Let g = o + 0. Calculate the highest common divisor of 60 and g.
12
Let g(b) = -b**2 + 6*b - 6. Let h be g(4). Let n be h/(-6) + (-242)/(-6). What is the highest common factor of n and 8?
8
Let n(b) = -5*b - 32. Let s be n(-10). What is the highest common divisor of s and 2?
2
Suppose 2*d - d = 5*j - 41, -4*d = -5*j + 29. Suppose -r = -2*r + j. What is the highest common factor of r and 45?
9
Suppose -u - 3*u - 20 = -3*w, 0 = -2*w - 5*u + 21. Calculate the highest common factor of w and 20.
4
Suppose -4*h - 84 + 392 = 0. Suppose 35 = 3*s + 2*s. What is the highest common factor of h and s?
7
Let l = 74 + 11. What is the highest common divisor of 34 and l?
17
Let n = 1 + 8. Suppose -9 = -4*y - 3*k, y - 2*k - k = 21. What is the greatest common divisor of n and y?
3
Let y be 4/20 - 21/5. Let l(o) = -o**3 - 4*o**2 - 2*o - 2. Let k be l(y). Let x = -7 - -16. Calculate the greatest common factor of x and k.
3
Let n = 0 + 20. Let a be 4/(-6) + (-4)/(-6). Suppose a*m + 2*m = -3*k + 11, m + 17 = 3*k. Calculate the greatest common factor of n and k.
5
Suppose -i + 14844 = i. Let k = 4942 - i. Let s be (-2)/10 - k/25. Calculate the highest common divisor of s and 11.
11
Suppose b - 2*s + 12 = 0, s + 4 = 8. Let m = -2 - b. Suppose 0 = 3*j + m*j + t - 44, -3*t + 12 = 0. Calculate the greatest common factor of 88 and j.
8
Let f(s) = -s**2 - 3*s + 2. Let g = -12 + 9. Let n be f(g). Let p = 3 - 1. What is the greatest common divisor of n and p?
2
Let a(i) = i**3 - 7*i**2 + 4. Suppose -5*k = -3*t + 23, 0 = -0*k + 3*k - 4*t + 5. Let m = 14 + k. Let h be a(m). What is the highest common divisor of h and 20?
4
Let b be -6*(8/(-3) - -3). Let a be (-4 - b) + (5 - -1). What is the highest common factor of 28 and a?
4
Suppose 0 = -3*n + 24 + 768. What is the highest common divisor of n and 24?
24
Let r = 74 - 17. What is the greatest common divisor of r and 19?
19
Let w = 13 + -11. Let i(z) = z**2 - 2*z - 5. Let g be i(5). Calculate the highest common divisor of g and w.
2
Suppose 4*h - 95 - 49 = 0. Suppose -3*u - 54 = -4*u. What is the greatest common divisor of u and h?
18
Let q be (-81)/(-2) - 6/12. What is the highest common factor of 8 and q?
8
Let x = 78 - 31. Let z = x + -29. Let w = 6 + -4. Calculate the highest common divisor of z and w.
2
Let f be 57/4 - 1/4. Let n = -6 - -14. Let i = 10 - n. Calculate the greatest common factor of i and f.
2
Suppose 16*f = 7*f + 693. Calculate the greatest common factor of f and 7.
7
Let v(p) = 2 - 2*p - 1 + 3 + 4. Let x be -9 + 2/(-2)*-3. Let j be v(x). Calculate the greatest common divisor of j and 5.
5
Suppose z = 3*u + 10, 6*u - 3*u - 3*z = 0. Let f be (u/2)/5*-48. Let k = 21 + -9. What is the highest common divisor of k and f?
12
Let v(o) = -3*o - 1. Let f be v(-2). Suppose 3*b + 22 = 2*c + 3*c, -2*b - 6 = c. Suppose w - c*w = -5. Calculate the greatest common divisor of f and w.
5
Let x(w) be the first derivative of w**4/4 - 4*w**3/3 - 9*w**2/2 + 8*w + 2. Let f be x(6). Let t = -77 - -116. Calculate the highest common factor of f and t.
13
Let o(t) = -t**2 + 9*t - 8. Let n be o(8). Suppose 2*m + 944 = 5*g, n = g - 0*g - m - 187. Calculate the greatest common divisor of g and 19.
19
Let l(z) = z**3 - 8*z**2 + 8*z + 3. Let y = 8 - 1. Let g be l(y). What is the highest common factor of 50 and g?
10
Let o = -107 - -114. Calculate the highest common divisor of 35 and o.
7
Suppose -26 = 4*x + 4*a - 138, 2*a = -4. What is the highest common factor of x and 45?
15
Suppose q + 7 = 5*c, -5*c - 29 = -q - 2*q. Calculate the highest common factor of 12 and q.
6
Let z(k) = 43*k - 16. Let n be z(2). What is the greatest common divisor of n and 28?
14
Let m be 0/(0 - -4) + 3. Suppose -m*i + 73 = -179. What is the highest common factor of i and 12?
12
Suppose 5*v - 2 = 8. Calculate the greatest common factor of 4 and v.
2
Suppose -2*z = -2*y + 5*y + 4, 10 = 4*y - 5*z. Suppose 4*a - 38 + 6 = y. Calculate the greatest common factor of 8 and a.
8
Let p be 4/(-2)*-8*1. Suppose 4*q + 0*d = 3*d + 12, 2*q - d - 6 = 0. Suppose q*f + 2 = -1, 2*i + 4*f - 44 = 0. Calculate the greatest common divisor of i and p.
8
Suppose -9 = -2*p + 21. Suppose 4*b + d = -23, -4*d - 7 - 1 = 2*b. Let m be (-454)/b - 6/9. Calculate the highest common factor of p and m.
15
Suppose -3*x - 3*s + 864 = 0, -1439 = -5*x - s - 3*s. What is the greatest common factor of 41 and x?
41
Suppose 2*f + 5*c - 22 = 0, -f - 3*c + 2 = -9. Let v(a) = -a + 6. Let h be v(0). Let q = h - -5. Calculate the greatest common factor of f and q.
11
Suppose 3*b - 24 = -b. Suppose 3*q - b = -j + 4*q, -2*j + 18 = 4*q. Let k(c) = -62*c + 1. Let a be k(-1). What is the greatest common divisor of j and a?
7
Suppose 5*j = 3*j - 3*l + 102, 4*j - 3*l - 204 = 0. Suppose 3*x - 34 = x. Calculate the highest common divisor of x and j.
17
Suppose 308 = -2*f + 6*f. Suppose 5*r - 3*q + 19 = 0, 2*q + 9 + 5 = -2*r. Let k(t) = -t + 2. Let a be k(r). What is the highest common divisor of f and a?
7
Let s(y) = 4*y**2 - 5*y + 21. Let m be s(3). What is the greatest common factor of 63 and m?
21
Let w = 72 + 13. Suppose -4*d + 35 = -w. Suppose -v + 29 = 3*x, -v + 0*v - 2*x = -d. What is the greatest common divisor of v and 4?
4
Suppose -t = 5*y + 22, y + 8 = -y. Let j be (-6)/t + (1 - 3). Suppose 4*b + 20 = 4*p, 4*p = b + 1 + 7. Calculate the highest common factor of p and j.
1
Let l(b) = 19*b - 17*b + 19 - 8 + b**2 - 15*b. Let j be l(13). Calculate the greatest common divisor of j and 77.
11
Let y = -760 + 768. Suppose 2*r + 0*r - 78 = 0. Suppose 0 = g - r + 7. Calculate the highest common divisor of g and y.
8
Let f be 2 + (-2)/2 - -1. Suppose -f*x - 323 = -3*d + 96, -118 = -d + 5*x. Calculate the highest common divisor of d and 13.
13
Suppose 10*h + h = 1815. Calculate the greatest common factor of h and 33.
33
Let l(d) = -2*d - 7. Let a be l(-5). Suppose 0*z - a*z = -48. Let k be (3 - 4) + -2 + 11. Calculate the highest common factor of k and z.
8
Let l = 10 - -1. What is the greatest common divisor of l and 110?
11
Suppose -5*v + 385 = -8*y + 3*y, -380 = -5*v + 4*y. Suppose 0*j + 4*j - v = 0. Suppose -3*p + p + 396 = 0. Calculate the highest common factor of j and p.
18
Let d = -610 - -855. Let s be (-2)/4 - d/(-10). Calculate the highest common divisor of 8 and s.
8
Let y = -109 - -338. Let l = y + -96. Let p = l - 83. Calculate the highest common factor of 20 and p.
10
Suppose -3*z - 5*t = -10096, -2*t + 10104 = 3*z + t. Suppose -2*n = 2*n - z. Let q be 2/(-8) + n/12. Calculate the highest common factor of 28 and q.
14
Let m(s) = 27*s**2 - s - 1. Suppose 0 = -b + 6*b + 5. Let k be m(b). Suppose 0*d = 5*d - 90. Calculate the greatest common factor of d and k.
9
Suppose -2*m + 39 = 7. Calculate the highest common divisor of 144 and m.
16
Suppose -2*b + 98 = -5*d, 4*b - 3*d + 2*d - 214 = 0. Let s(u) = -3*u**2 + 21*u + 6. Let q be s(5). Calculate the greatest common factor of b and q.
18
Let i be (-994)/(-12) - 1/(-6). Let q = i + -37. Calculate the highest common factor of q and 115.
23
Let s be 13/(-52) - 74/(-8). Calculate the greatest common divisor of 1 and s.
1
Suppose -3*p - 3 = 0, 697 = 3*u + 4*p - 2*p. Let i = u - 108. What is the greatest common divisor of i and 25?
25
Let k = 132 + -11. What is the greatest common factor of k and 11?
11
Let g be (10 + -4)*106/3. Suppose 2*m + 2*l + 2*l - g = 0, -2*m + 2*l = -182. Calculate the greatest common factor of 12 and m.
12
Let j be 6/(-2) + (3 - -13). Calculate the greatest common divisor of 65 and j.
13
Suppose 0 = 5*n - 47 - 3. Let o(q) = -q**3 + 7*q**2 - 4*q + 8. Let r(d) = -d - 3. Let b be r(-9). Let y be o(b). What is the greatest common factor of n and y?
10
Let n(r) = r**3 + 6*r**2 + 4*r - 8. Let u be n(-4). Calculate the greatest common factor of u and 64.
8
Let x = -14 + 20. Calculate the greatest common divisor of x and 48.
6
Suppose -6*n + 3*n = -24. What is the greatest common divisor of n and 16?
8
Let i(f) = 6*f**2 - 1. Let t be i(-2). Suppose 93 + 520 = 3*j + 2*r, 187 = j + 5*r. What is the greatest common factor of j and t?
23
Let n be ((-2)/2 + -74)*(-12)/15. Let f(y) = 5*y. Let u be f(3). What is the highest common divisor of n and u?
15
Let q(n) = 67*n + 6. Let i(k)